
What is -3641288 (base 10) in base 11?
-2067832
-229619 (base 12) to base 10
-555573
Convert -413470 (base 13) to base 10.
-1521091
-12b873 (base 14) to base 15
-cb859
-a067e (base 16) to base 14
-131622
What is -4588 (base 10) in base 16?
-11ec
-11010000010000010 (base 2) to base 4
-122002002
da558 (base 14) to base 15
a663b
1033362 (base 12) to base 9
5664122
What is -1011101000110110010011 (base 2) in base 12?
-1031697
What is 28cb (base 14) in base 11?
5488
-1888561 (base 13) to base 2
-11110101011111001101101
What is -11010001110010010000101 (base 2) in base 6?
-403201113
What is -198c87a (base 13) in base 3?
-120212000120211
-122022011112 (base 3) to base 10
-340565
Convert -d2f6ca (base 16) to base 9.
-28012311
Convert 2ef150 (base 16) to base 13.
839398
-74625 (base 13) to base 15
-42240
Convert 7017b (base 13) to base 3.
101011121202
-14ab33 (base 13) to base 2
-1111100010111100000
What is 2133302333 (base 4) in base 13?
19bbc3
Convert 2211013332 (base 4) to base 13.
1a8b0c
What is 179392 (base 13) in base 7?
5012560
4566126 (base 9) to base 12
9aa506
What is -1443402204 (base 5) in base 12?
-1375a78
Convert 3116 (base 8) to base 16.
64e
Convert -88662 (base 15) to base 16.
-69d22
What is 140384 (base 10) in base 11?
96522
What is 2faa2 (base 16) in base 13?
6ab30
-53224762 (base 8) to base 11
-64512a8
Convert -10011100002202 (base 3) to base 14.
-31a1bc
Convert -5209761 (base 10) to base 5.
-2313203021
Convert 1455605 (base 9) to base 3.
1111212200012
Convert 55001050 (base 6) to base 10.
1633206
What is -48024 (base 9) in base 10?
-32098
What is -611 (base 13) in base 11?
-855
Convert 41123150 (base 6) to base 16.
11f78a
-328aa9 (base 12) to base 11
-4a9639
What is -1752270 (base 9) in base 6?
-32553400
Convert 46366 (base 7) to base 8.
27121
-3cfc59 (base 16) to base 10
-3996761
Convert 1121110220200 (base 3) to base 10.
855783
97a84 (base 13) to base 9
457145
Convert -311255315 (base 7) to base 3.
-1021101212200102
What is 193382 (base 12) in base 16?
6bb52
What is -372699 (base 14) in base 4?
-13031032133
What is 43213111 (base 6) in base 14?
253683
Convert -159109 (base 10) to base 4.
-212312011
What is 122156 (base 9) in base 10?
73761
-37a67b (base 13) to base 6
-44353152
What is -41124334 (base 5) in base 13?
-b87c8
10100100110000010 (base 2) to base 11
58416
Convert 8a5a (base 16) to base 12.
185b6
175858 (base 9) to base 15
225d2
Convert 243119 (base 12) to base 6.
20320433
What is -2332231 (base 4) in base 14?
-463b
What is -8828609 (base 10) in base 4?
-201223123001
What is 77b5b (base 16) in base 7?
4111352
What is 1001011101101111100001 (base 2) in base 6?
125102401
Convert -12160626 (base 7) to base 8.
-4121500
496642a (base 11) to base 9
17215847
Convert -1101001101000011 (base 2) to base 8.
-151503
Convert 122671 (base 9) to base 7.
426160
What is -10011011110011 (base 2) in base 12?
-592b
What is -12013144 (base 5) in base 3?
-12121110210
-10002221201022 (base 3) to base 16
-1936d3
Convert aa715 (base 11) to base 12.
78b1b
What is -24200 (base 13) in base 2?
-10000001011001000
Convert 11001000000110001 (base 2) to base 14.
2949b
Convert -23515033 (base 8) to base 10.
-5151259
426811 (base 9) to base 7
2106355
111110110010110011011 (base 2) to base 15
2a9a02
11120012212211 (base 3) to base 15
32d917
2510405 (base 8) to base 7
5612623
What is 22aa92 (base 11) in base 4?
1121112311
What is -15401014 (base 7) in base 16?
-1692ca
1030304040 (base 5) to base 2
1000011000011110010011
Convert 14435043 (base 7) to base 16.
14e8cc
Convert 334546 (base 8) to base 14.
2d274
What is -897799 (base 10) in base 9?
-1617484
10735344 (base 9) to base 15
6d199d
Convert -1383209 (base 10) to base 11.
-865253
What is -10222201102112 (base 3) in base 6?
-113235535
13ed9 (base 16) to base 13
2b1cb
-4e7d2 (base 16) to base 7
-2506201
594565 (base 10) to base 9
1105527
Convert 1717007 (base 10) to base 11.
a73016
-1157348 (base 11) to base 9
-3711728
Convert fc59b8 (base 16) to base 9.
34105830
What is a2165a (base 11) in base 6?
55105242
What is 10436341 (base 7) in base 5?
212301313
Convert -2351e1 (base 15) to base 9.
-3152364
Convert 1100101101100011101110 (base 2) to base 9.
6238083
What is -2933662 (base 10) in base 4?
-23030032132
1054660 (base 8) to base 13
9ca01
What is -6cb632 (base 16) in base 12?
-2476baa
2113330 (base 4) to base 8
22774
161643 (base 7) to base 9
47653
What is -10101000011000100011010 (base 2) in base 5?
-2403030334
-1055512254 (base 6) to base 8
-54647712
-7025261 (base 9) to base 10
-3737071
Convert -20ba35 (base 13) to base 11.
-485415
2442342101 (base 5) to base 11
3319168
What is -51510405 (base 7) in base 11?
-2492202
What is -53402152 (base 6) in base 11?
-983561
What is -250127 (base 8) in base 3?
-11101010000
What is 55861 (base 14) in base 5?
23114303
What is -13114002 (base 5) in base 7?
-1045554
Convert -100302301 (base 4) to base 3.
-10111100121
Convert -1b4d53 (base 14) to base 15.
-1438d2
-32922 (base 15) to base 9
-264365
What is -1000220111 (base 4) in base 2?
-1000000101000010101
What is -1163298 (base 11) in base 10?
-2024800
What is -5216554 (base 8) in base 5?
-323240123
What is -1303411 (base 7) in base 14?
-459b1
Convert 89b40 (base 12) to base 13.
65436
-71b57 (base 12) to base 16
-24433
What is db9ff (base 16) in base 2?
11011011100111111111
What is -74574 (base 12) in base 15?
-30467
What is 504e11 (base 16) in base 8?
24047021
-120203020 (base 4) to base 2
-11000100011001000
-1010001110100100011 (base 2) to base 6
-11103323
What is 1400113 (base 11) in base 6?
123440420
22002201031 (base 4) to base 11
1538307
What is 10011001101001000101 (base 2) in base 13?
1905a0
25e5d (base 15) to base 9
204427
What is -3d58b (base 15) in base 13?
-6b894
Convert -100100101000011100001 (base 2) to base 14.
-233637
What is -656519 (base 12) in base 3?
-10000200110110
-12a937 (base 11) to base 16
-31fe4
-1161cd (base 15) to base 3
-1120012110111
150422166 (base 7) to base 16
97e801
What is -4140033 (base 10) in base 16?
-3f2c01
What is 101000100011000100 (base 2) in base 4?
220203010
What is -11000100101101001001 (base 2) in base 8?
-3045511
-603003 (base 8) to base 15
-3da9c
Convert -51004 (base 10) to base 15.
-101a4
What is 300ac1 (base 14) in base 4?
12022123301
Convert -617a29 (base 15) to base 9.
-8640883
Convert -111220121212011 (base 3) to base 14.
-da6570
What is 3a5079 (base 12) in base 14?
1b0b25
47073 (base 14) to base 13
60968
Convert 120230100 (base 6) to base 11.
1303214
What is -d6167b (base 15) in base 14?
-14d0122
What is -2d6c80 (base 15) in base 13?
-5c0457
10631535 (base 8) to base 3
11100012111002
Convert 3b922c (base 14) to base 9.
3781355
What is 120011120022012 (base 3) in base 6?
444441435
Convert -100301002332 (base 4) to base 14.
-825a6a
What is 1445228 (base 12) in base 5?
2020320331
Convert -11758912 (base 10) to base 9.
-24112167
Convert -101011001010101101011 (base 2) to base 12.
-5826b7
What is 3124002010 (base 5) in base 13?
145661a
What is 5679a3 (base 13) in base 15?
2a5d44
39a859 (base 11) to base 10
629264
What is -1201210033 (base 4) in base 12?
-173327
Convert 233112302 (base 5) to base 12.
435295
Convert -318419 (base 12) to base 10.
-781653
What is 1032002031 (base 4) in base 2?
1001110000010001101
-200121200210010 (base 3) to base 13
-208588b
What is 223403143 (base 6) in base 10?
4090887
What is -1421140 (base 5) in base 6?
-344441
Convert 15441 (base 10) to base 12.
8b29
Convert 345c78 (base 15) to base 9.
4630705
-203336 (base 10) to base 5
-23001321
Convert 349c0 (base 16) to base 10.
215488
Convert -c49a83 (base 13) to base 4.
-101200323202
246a46 (base 12) to base 13
179898
1101000011000101111 (base 2) to base 13
11c7ca
What is 22643 (base 11) in base 7?
164246
Convert -714947 (base 12) to base 16.
-1b0547
Convert -380987a (base 11) to base 16.
-64f43d
Convert -14110314 (base 5) to base 4.
-203101023
Convert 1907455 (base 11) to base 2.
1100010100110010100001
42caad (base 15) to base 13
875254
What is -639162 (base 12) in base 10?
-1570970
Convert -203052445 (base 7) to base 14.
-1819125
-33312434 (base 5) to base 9
-484021
-ac781a (base 13) to base 11
-2331737
-3ec161 (base 15) to base 5
-1233341231
a67b3 (base 12) to base 7
1601052
Convert 32a945